ulate 0 + (-7 + 8 - 3) + 8.
6
What is the value of 3 + -9 - -5 - 5?
-6
What is 3 - (-1 + 6 - (-14 - -16))?
0
Evaluate -1 + 4 + 5 + 1 + -11.
-2
-1 + (13 - 6) - 1
5
Evaluate -20 - -8 - (-17 - -11).
-6
What is the value of 3 - (-1 - -1) - (-2 - -6)?
-1
What is 2 + (-3 - -2) + 5 - 4?
2
What is the value of (-3 - 5 - 4) + 22?
10
(-17 - 1) + (158 - 150)
-10
Calculate -38 + 29 - (-11 - 0).
2
What is 1 + (4 - 3) + -17 + 11?
-4
Evaluate (-10 - -2) + (0 - (-2 + -2)).
-4
Evaluate (2 + (-3 - 1) - -3) + 0.
1
What is the value of 1 - (2 - 3) - (-1 + 1)?
2
Evaluate 6 + 7 + (-6 - 8).
-1
(-1 - -3) + 6 + 2 + -7
3
7 - -4 - -4 - 11
4
What is (-15 - -2) + 21 + -13?
-5
Evaluate -6 + (-5 - (-22 - -6)).
5
What is the value of 8 + 7 + (-3 - 7)?
5
Calculate -5 + -2 - (-2 - (4 - 2)).
-3
Evaluate 3 + (14 - (0 + 10)).
7
8 - -1 - (-2 - (0 + -3))
8
-1 + 0 - (7 - (2 - -3))
-3
Calculate -4 + (-2 - -1) + (13 - 14).
-6
What is (-7 - 3 - -9) + (4 - -2)?
5
-11 + 12 + 9 + (-4 - 0)
6
Evaluate (1 - -5 - 7) + -1 + -2.
-4
What is (45 - 53) + (-2 - (-2 - 7))?
-1
Evaluate -2 + 2 + 2 + -4.
-2
Calculate 5 - (0 + (6 - 9 - -5)).
3
Evaluate -4 - (7 - (-1 + 5) - 9).
2
What is the value of (-14 - 8 - -19) + (7 - 1)?
3
What is the value of 5 - (5 - (0 - -5))?
5
Evaluate -9 - -5 - -11 - 7.
0
What is 17 - (14 - (-6 + 8))?
5
Evaluate 0 + (-3 - -8) - (-10 + 9).
6
What is 0 + -8 - 0 - -5?
-3
Evaluate 5 + 6 + -13 + -3.
-5
What is the value of (-3 - 0) + 0 + -13 + 11?
-5
What is 9 + -10 - (0 - 0)?
-1
What is the value of -6 + 0 + 2 + 5 + -6?
-5
What is the value of 2 + 1 + 2 + (-1 - 4)?
0
Evaluate 2 + 3 + -1 + -3.
1
What is 0 + -1 - (-5 - (4 + -7))?
1
0 + -4 + (9 - (7 + -6))
4
Evaluate -3 + -8 + (0 - -6).
-5
What is the value of (-52 + 59 - (1 - -19)) + 6?
-7
What is 2 - (1 + -2 - -7)?
-4
-2 + 1 + (-4 - -5) + 3
3
What is the value of 11 + (-16 - (-6 + -3))?
4
Calculate (-8 - 0) + 13 + -1 + 2.
6
Calculate (31 - 29) + (-8 - -2).
-4
What is the value of 1 + -7 - (5 + (-23 - -14))?
-2
What is the value of 1 + -16 + 11 - (-1 + 0)?
-3
Calculate (-4 + -5 - -9) + -7.
-7
3 - ((4 - 7) + 2)
4
Evaluate 7 + -2 - 9 - 1.
-5
What is 0 + 1 - (10 + -10)?
1
Evaluate (-3 - (-8 - 0)) + (2 - 3).
4
Evaluate 17 - (13 + 2 - 5).
7
Calculate 26 + -34 - ((-1 - 0) + -3).
-4
What is -1 + (0 - -2 - 4)?
-3
What is the value of -16 - (0 - (8 + 2))?
-6
What is (-3 + 4 + 3 - 5) + 5?
4
Calculate 5 + (-6 - (-8 - -3)).
4
Calculate -2 + -2 + (2 - (-10 - -5)).
3
15 + (-1 - 23) - (-5 - 0)
-4
What is the value of -9 + (6 - 4) - -9?
2
Evaluate 0 + 3 - (-14 + (14 - -6)).
-3
What is the value of (-3 - 1) + (13 - 3)?
6
5 + (-7 - -8) + -5
1
What is -3 + (-1 + 4 - -4 - 3)?
1
Evaluate -10 + 26 - 12 - 9.
-5
What is the value of 0 + -3 + (14 - 8) + -6?
-3
Evaluate 6 + 7 + -20 - -5.
-2
What is 1 - (0 - -1 - 2) - 4?
-2
Evaluate 0 + 2 + (-7 - (-5 + -4)).
4
Evaluate (8 - 5) + 1 + 0 + 0.
4
Evaluate (-34 - -35) + (0 - -2).
3
(2 - -6) + -6 - -1
3
Calculate (0 - 2) + -6 + 6 + -1.
-3
Calculate -2 + 9 + -2 - (-10 + 10).
5
Evaluate -6 - (-2 + (-19 - -6) + 7).
2
What is -23 + 2 - -28 - (9 + -1)?
-1
What is 2 + -1 + 1 - (2 + 1)?
-1
Evaluate -6 + 0 + 52 + -50.
-4
What is (4 - 17) + (-3 - (-1 - 5))?
-10
What is 1 + -2 - (-71 + 67)?
3
Evaluate (-6 - 8) + 7 + 3 + -5.
-9
What is the value of 3 - (4 - 2) - 8?
-7
What is the value of -2 + (-1 - -2 - 0)?
-1
Evaluate -4 - (-5 + -5 + 5).
1
What is the value of -206 + 209 + -1 + (0 - 7)?
-5
Evaluate -4 - ((-5 - -10) + (0 - 16)).
7
(4 - -2) + 45 + -48
3
Calculate (1 - -3 - 0) + (4 - 0).
8
6 + (-9 - -4 - 2)
-1
Calculate (-3 - 1 - (-3 + 1)) + -7.
-9
7 - ((6 - 1) + -1)
3
11 + -20 + 15 + -11
-5
What is 9 + -11 + (3 - (4 - 4))?
1
(-9 - -6) + 5 - (2 + 4)
-4
3 - (-2 + -3 - -3)
5
Evaluate -12 - (-13 - -10) - -10.
1
What is -1 - -1 - (0 - 0) - 4?
-4
Calculate -5 - -2 - (2 + -1) - -1.
-3
-59 - -73 - (-1 - -11)
4
What is -7 - (-3 - (-16 - -3) - 8)?
-9
What is the value of (4 - (2 + 1)) + 2?
3
What is (-3 - -3) + -3 + 5 - 6?
-4
Calculate 6 + -1 + 3 + -19.
-11
What is 2 + -4 + -15 + 12?
-5
What is 1 + -7 - (-31 + 27)?
-2
1 - 1 - 4 - (7 + -11)
0
Evaluate 5 + (-1 - (0 - (3 + -8))).
-1
What is the value of -2 - (-8 - -2) - 4?
0
What is -1 + (-10 - (1 - 7))?
-5
Evaluate 29 + -30 + 2 + 0.
1
Evaluate (4 - -3) + (-16 - -10).
1
What is the value of (2 - -5) + 3 + -6?
4
What is the value of (4 - 0) + (-5 - -1)?
0
Evaluate (-9 - -4) + (0 - -10).
5
What is the value of -7 - (0 - 12) - 6?
-1
What is -3 + 1 + (7 - (2 - -3))?
0
Calculate 2 + (4 - -3) + -12.
-3
Calculate 14 - (2 - -2) - 5.
5
-4 - -5 - (2 - 3)
2
What is the value of -7 + 10 - -1 - 5?
-1
Calculate (12 - 17) + (0 - -1).
-4
Calculate -84 + 82 - (-9 + -1).
8
Calculate (-8 + 8 - -11) + -12.
-1
What is the value of -2 + 2 - ((3 - 2) + -5)?
4
(4 + -7 - -2) + 6
5
-1 + -1 + 1 - -2 - -3
4
Calculate (0 - 9 - -5) + (-1 - -8).
3
Evaluate 25 + -13 + 10 + -12.
10
-3 + 1 + (14 - 7)
5
Evaluate (4 - (-14 - -6)) + -9.
3
Calculate 3 - (3 - 9 - -3 - -9).
-3
What is the value of 4 + -4 - -3 - -2?
5
Evaluate (6 - (-4 + 12)) + 3.
1
What is -2 + (7 - (-4 + 5))?
4
Evaluate (1 - -2) + (1 - (11 + -5)).
-2
Calculate (10 - (16 + -11)) + -14.
-9
Calculate -1 - (-7 + 5 - -1).
0
Evaluate 5 - (14 + -1) - -3.
-5
-9 - (-13 - (-9 - 0))
-5
What is the value of (7 - -6) + -12 + -9?
-8
What is -1 + -2 + (7 - (3 - -2))?
-1
Calculate 2 - (-2 + 1) - 5.
-2
What is 6 - 3 - 8 - -9?
4
Evaluate -9 + -5 + 3 + 2.
-9
What is the value of 2 - ((-1 - 4) + 2)?
5
What is the value of 25 - 27 - (-13 + 2)?
9
What is the value of (-1 - -4) + -4 + 15 + -10?
4
5 + (4 - (4 - 0 - -10))
-5
What is the value of 0 - (4 + 1) - -8?
3
What is the value of (-52 - -51) + (-1 - -1)?
-1
Evaluate 19 + -6 + (-4 - 4).
5
What is the value of 36 + -34 - (1 - (-2 - -2))?
1
What is the value of -12 - (-10 + 13 - 11)?
-4
Calculate 6 + (-23 - -6) + 7.
-4
5 + -5 + (2 - 6) + 3
-1
Calculate -1 - 2 - (5 - (8 - 3)).
-3
Calculate 4 - -1 - (2 - (1 + -1)).
3
What is the value of 6 + (-2 - 1) - 13 - -7?
-3
What is the value of -29 - -35 - (12 + -1)?
-5
What is the value of 1 + -7 - (11 + -14) - 2?
-5
What is the value of 3 + -2 - 3 - (3 - 2)?
-3
Evaluate 1 + -5 - -2 - (-1 - 2).
1
(-1 - -3 - (-1 - -3)) + -4
-4
Calculate (11 - (2 + 3)) + -3.
3
What is -5 - -3 - (0 + -1) - -1?
0
-7 + 7 + -7 - -8
1
What is the value of 1 + 4 - (-3 - -3)?
5
-4 + -4 + 8 + -1 + 2
1
What is the value of 4 + (10 - 12) + (-1 - -2)?
3
Calculate 0 - (2 - (-8 + 5)).
-5
What is the value of 3 + -5 + -2 + 1?
-3
3 - (6 - (-6 + 9))
0
What is the value of -6 + (19 - 7) + -2?
4
Evaluate 4 + -2 + (1 + 2 - 3).
2
-21 + 5 + (-10 - -19)
-7
What is the value of 6 + (-13 + -1 - (-24 - -16))?
0
What is -6 + 1 + 8 + -2?
1
What is the value of -5 - -1 - (1 - 2) - -2?
-1
What is the value of -4 + 5 + (1 - 0) - -1?
3
Evaluate -7 - (0 - 7 - -6).
-6
Calculate -1 + -6 + 4 + 5.
2
Calculate -4 + 1 + (2 - -4 - 7).
-4
What is -1 - (0 + (0 - 3))?
2
What is -3 + 0 - (-16 + 28 + -16)?
1
Evaluate (7 - (-1 + 5)) + 0.
3
What is 1 + 5 + -2 + -3?
1
What is 9 - 4 - (4 - 0)?
1
-12 - (3 + -4) - -21
10
-3 + -4 + (8 - -4)
5
What is the value of -4 - (-1 - 4 - -4)?
-3
-29 - -30 - (0 + 1)
0
What is the value of -1 - (2 + -10 + 4 + 1)?
2
What is (2 + -2 - 1) + 0 + 1?
0
What is -1 + 10 + (-16 - -10)?
3
-17 + 12 + -2 - 1
-8
What is the value of 2 + 0 + 2 + (23 - 27)?
0
What is the value of 7 - ((6 - 8) + 3)?
6
What is the value of 2 - (0 - (-4 - -1))?
-1
What is -1 + (14 - 3) + -5?
5
8 + -9 + (13 - 12)
0
What is the value of -3 + (1 + -16 - -4) - -6?
-8
What is -2 - (5 - 3) - -8?
4
4 + -1 + (-3 - -3 - 0)
3
Calculate 1 + 0 + -1 - 1 - 2.
-3
6 + (-7 - -4) + -3 + 7
7
What is -3 - (3 - (1 + 3))?
-2
-5 + 10 - (6 + -7)
6
What is the value of 0 - ((-1 - -5) + 1)?
-5
Evaluate (-11 - (-2 - (2 + -1))) + 0.
-8
Evaluate -11 - -7 - 1 - -7.
2
Evaluate 14 + -20 + (-1 - 2) - 2.
-11
What is -4 - (-1 + 1 - 1)?
-3
(8 - -3) + -3 + (-6 - -3)
5
Evaluate 1 - 1 - (25 - 26).
1
15 + -11 + (0 - (3 - -1))
0
Evaluate -4 - (1 + -10 + 4 - -3).
-2
Evaluate 6 + 7 + 6 + -12.
7
Calculate 5 + (-3 + 7 - 5).
4
Evaluate (-5 - -10) + 2 + -5.
2
Calculate 1 + -3 + (3 - -2) - 7.
-4
-5 + (4 - -5) - 4
0
Calculate 2 + -4 + -2 + -2 + 2.
-4
What is the value of -3 + (-5 - -11) + (-4 - -3)?
2
What is the value of -1 - -5 - (-2 - (-7 - 0))?
-1
Evaluate 4 - (-1 + 2 - (-14 - -8)).
-3
Calculate 